320442
In base 12, what is b3a6179 + 2?
b3a617b
In base 8, what is 125012262 - 0?
125012262
In base 12, what is 144 + -2954a?
-29406
In base 13, what is 1 + 130a55c?
130a560
In base 9, what is 7005661 + -336?
7005324
In base 13, what is 2197 - 38479?
-362b2
In base 2, what is -1101100010010000100 + -1101000?
-1101100010011101100
In base 11, what is -319656447 + -5?
-319656451
In base 4, what is -33223210 - -2022?
-33221122
In base 5, what is 404 - 20330220?
-20324311
In base 2, what is -11010 - -10100110111000111?
10100110110101101
In base 11, what is 3 - -82a1a4?
82a1a7
In base 5, what is -1313 + -420?
-2233
In base 16, what is 33b - -20c07?
20f42
In base 6, what is -251425 + -133040?
-424505
In base 13, what is 1 - b948c4?
-b948c3
In base 16, what is 3 - -aa36f?
aa372
In base 8, what is 4244 + -25544?
-21300
In base 16, what is -332 - -6d5f?
6a2d
In base 5, what is -4042442200 + -10?
-4042442210
In base 8, what is -5347 - 75642?
-103211
In base 6, what is -2305 + -42320?
-45025
In base 6, what is 1 + 213214422?
213214423
In base 4, what is 2222132 - 2022?
2220110
In base 3, what is -2021100022 + 2101011?
-2011222011
In base 16, what is -3e154a0 - 3?
-3e154a3
In base 4, what is -11 + 10022002012122?
10022002012111
In base 5, what is -4421044313 - -2?
-4421044311
In base 11, what is -288a476 + 3?
-288a473
In base 14, what is 563243 - -c?
563251
In base 4, what is 2 + -213130102302?
-213130102300
In base 12, what is 26911b - 891?
26844a
In base 12, what is 94 - 1a351?
-1a279
In base 14, what is -94528 + 16b?
-9439b
In base 13, what is -154 - -107ba7?
107a53
In base 8, what is 1321 + 171767?
173310
In base 5, what is 2400103 - -30033?
2430141
In base 2, what is 10 - 100010010000000110001110?
-100010010000000110001100
In base 2, what is 100000101011101000011 + 10111101101?
100000101110100110000
In base 6, what is 1133022150503 - 4?
1133022150455
In base 8, what is -45162246 - 14?
-45162262
In base 4, what is 33130 - -121222332?
121322122
In base 12, what is -1 - 3a08444?
-3a08445
In base 14, what is 188 - 90c51?
-90aa7
In base 2, what is 1001 - -1110100100111011101100110?
1110100100111011101101111
In base 11, what is 144954 + 20?
144974
In base 2, what is 0 - -110111101100110100011110110?
110111101100110100011110110
In base 16, what is 4f3 - 511?
-1e
In base 7, what is -3433415 - -624?
-3432461
In base 4, what is 223222302303 - -1?
223222302310
In base 16, what is 479088 - -1f?
4790a7
In base 4, what is 21312231 - -2301?
21321132
In base 10, what is -108 - -188529?
188421
In base 7, what is -53600 + 31?
-53536
In base 6, what is -103251214535 + 3?
-103251214532
In base 11, what is 7 - 25279622?
-25279616
In base 16, what is -36f3d + -77?
-36fb4
In base 4, what is -1021023011222 + 22?
-1021023011200
In base 16, what is 1935a6b - 4?
1935a67
In base 3, what is 1000112 - 210210002?
-202202120
In base 14, what is 3 + aa25c5?
aa25c8
In base 11, what is -8 - -455473?
455466
In base 3, what is -2101200020 + -1020120?
-2102220210
In base 9, what is 641060 + 5?
641065
In base 6, what is -142011533 - -524?
-142011005
In base 14, what is -4151 + -2306d?
-271c0
In base 15, what is -bd9a8 + -5?
-bd9ad
In base 12, what is -21 - 4224b56?
-4224b77
In base 7, what is -52 + 3061630?
3061545
In base 5, what is 11412 + 3300?
20212
In base 11, what is 419 + -41926?
-41508
In base 7, what is -622144 + -10211?
-632355
In base 3, what is 1000 - 22101220111?
-22101212111
In base 13, what is 1 - -c8948?
c8949
In base 4, what is -1212331 + -2001012?
-3220003
In base 16, what is 2a + 85980?
859aa
In base 16, what is -692db + 2?
-692d9
In base 2, what is 10010100011010100101 - -10011?
10010100011010111000
In base 3, what is -10202022112 - 221001?
-10210020120
In base 10, what is 4545776 - 10?
4545766
In base 2, what is -100000111101010110011001 + -101?
-100000111101010110011110
In base 6, what is -13 - 212443423?
-212443440
In base 15, what is -4 - -12171dc3?
12171dbe
In base 4, what is -110 - 100313030020?
-100313030130
In base 12, what is 29 - -17090a2?
170910b
In base 16, what is 1a0409 + 1?
1a040a
In base 3, what is 121 - 21100221010010?
-21100221002112
In base 10, what is -25 - 16226501?
-16226526
In base 3, what is -20102221200 + -1001?
-20102222201
In base 4, what is 1322020 + 320001?
2302021
In base 4, what is 10001 + 12012031011?
12012101012
In base 16, what is -4d - 6f93f?
-6f98c
In base 13, what is 2 - -8706aa?
8706ac
In base 3, what is -110122221221222 + -12?
-110122221222011
In base 3, what is 20000112120112110 - 100?
20000112120112010
In base 7, what is 101 - 2425462?
-2425361
In base 9, what is 161706 - -157?
161864
In base 16, what is 7b524 + -16d?
7b3b7
In base 11, what is -56 - -1040524?
1040479
In base 3, what is -11122102221021 - -10112?
-11122102210202
In base 11, what is 60011724 - 1?
60011723
In base 12, what is 1940 - 833?
1109
In base 2, what is 11000101110111111011101 + -11?
11000101110111111011010
In base 12, what is -10 - -a41168?
a41158
In base 2, what is 1000 - -10100011000101000100100?
10100011000101000101100
In base 2, what is 10100110100100010 + 1110?
10100110100110000
In base 6, what is -332 - -114413553?
114413221
In base 12, what is 215627 + 20?
215647
In base 3, what is -1 + -102210100120?
-102210100121
In base 4, what is -20 + -30013231030?
-30013231110
In base 10, what is -128 - -1399534?
1399406
In base 8, what is 24 - 54765537?
-54765513
In base 2, what is -110 - 1011111111000000100001?
-1011111111000000100111
In base 12, what is 689b + 21829?
28508
In base 6, what is -320443534 + 0?
-320443534
In base 7, what is -13256 - 451042?
-464331
In base 13, what is -16 + 99baa4?
99ba8b
In base 6, what is 212 - -201135115?
201135331
In base 7, what is -45 + 33115205?
33115130
In base 7, what is 63466433 - 4?
63466426
In base 11, what is 57640695 + 2?
57640697
In base 13, what is 10a226b0 + 4?
10a226b4
In base 14, what is 1472a - -10?
1473a
In base 3, what is 121122 + 1001212101220?
1001220000112
In base 15, what is -ae7717 + -7?
-ae771e
In base 16, what is -7fd06 - 4?
-7fd0a
In base 13, what is -17 + 23ac4?
23aaa
In base 9, what is 47801 + -15?
47775
In base 13, what is -41382 - 457?
-41809
In base 5, what is 2 + -12300313023?
-12300313021
In base 10, what is -5746279 - 247?
-5746526
In base 8, what is -765146233 + 3?
-765146230
In base 13, what is 431b95b - 0?
431b95b
In base 2, what is -1101001101101011101 + 10011?
-1101001101101001010
In base 3, what is -212101222 - -212200111?
21112
In base 7, what is 11240244001 + -5?
11240243663
In base 12, what is -397073 - -133?
-396b40
In base 4, what is -1111312 - 32033113?
-33211031
In base 2, what is -110011001 + -110101100100011101?
-110101101010110110
In base 9, what is 105 - 16650051?
-16648845
In base 9, what is -816 - -7876?
7060
In base 11, what is -13 + -22a8351?
-22a8364
In base 10, what is -271 + 1549398?
1549127
In base 15, what is -258b4d6e - 3?
-258b4d72
In base 5, what is -1030 + -12441223?
-12442303
In base 9, what is 82 - -6831378?
6831471
In base 10, what is 10427800 + -1?
10427799
In base 12, what is 4403 - -289?
4690
In base 4, what is 0 + 1303133222?
1303133222
In base 10, what is 50675 - -7?
50682
In base 2, what is 111101001010 - 100?
111101000110
In base 12, what is -2506b - -b48?
-24123
In base 3, what is 222110100002 + -2000?
222110021002
In base 10, what is -85 + -20771?
-20856
In base 11, what is -6 + -1058550?
-1058556
In base 3, what is 110002222200 + 102022?
110010101222
In base 5, what is -31 + -2023203341?
-2023203422
In base 16, what is 2 - -65be27f?
65be281
In base 12, what is 67a - a44?
-386
In base 2, what is 10110011000111111010 + 1100010?
10110011001001011100
In base 16, what is -6 - 11bd291?
-11bd297
In base 6, what is 13 + 2302420221?
2302420234
In base 10, what is 37162521 - 0?
37162521
In base 10, what is -1684 + -683?
-2367
In base 2, what is -101 + 10101110100111010011000?
10101110100111010010011
In base 13, what is -ab766 - 90?
-ab826
In base 5, what is 233 - -100142214?
100143002
In base 2, what is 11 - -111010001001001011010000?
111010001001001011010011
In base 16, what is -1de43b - 2?
-1de43d
In base 5, what is -10 - -24020103?
24020043
In base 4, what is -230 - -222231230332?
222231230102
In base 3, what is -1220110002210 - 1111?
-1220110011021
In